+ 2070 = -5*l, 6*n + 2*l + 2718 = 10*n. Calculate the greatest common factor of 2430 and n.
135
Let p = -15130 - -31113. What is the highest common factor of p and 33?
11
Let n be -6*(1 + -2) - 18. Let a be ((-54)/n)/((-6)/(-68)). Calculate the highest common divisor of 459 and a.
51
Let r(l) = 2*l**2 + 15*l + 6. Let a be r(-7). Let h be 16*1 - (0/(-1))/a. What is the highest common divisor of h and 8?
8
Let y(v) = -2*v**2 + 31*v - 82. Let i be y(12). Suppose 2*m + 84 = 6*m. Suppose -5*h = i*h - m. What is the highest common divisor of 12 and h?
3
Let h(y) = -y**2 - y + 26. Let f be h(0). Suppose 6*q = 6 + 12. Suppose -q*s = -117 - 0. What is the highest common factor of f and s?
13
Suppose 3*k + 66 = c + 51, 3*k = 2*c - 21. What is the highest common divisor of c and 7962?
6
Let y be (-31)/2 - (-9)/6. Let q be 1125/30 - (-2 + y/(-4)). What is the greatest common factor of 252 and q?
36
Let q(v) = -v + 11. Let u be q(10). Let z be 1 + -4 + u - -30. Let t = 40 - z. What is the highest common factor of 18 and t?
6
Let v(f) = f**3 - 2*f + 3. Let p be v(3). Let m be (69/9)/(-1*(-6)/(-18)). Let j be (m + 7)/(6/(-15)). What is the greatest common factor of p and j?
8
Let g be 1/(-1) + 77595/105. Calculate the greatest common divisor of g and 108.
18
Let t be (114 - 6)*2/6. Suppose 161 = 3*a - 136. Calculate the highest common divisor of t and a.
9
Suppose -3*p + 598 = 4*j, -j - 2*p + 142 = -5. Calculate the greatest common divisor of j and 22801.
151
Suppose 0 = 11*q + 848 + 329. Let h = q - -108. Calculate the greatest common factor of h and 19.
1
Let q be -5 + 11/2*68. Suppose -13*a = -4*a - q. What is the greatest common divisor of a and 82?
41
Let z = 56 - 50. Suppose -z*s + 2*s - q + 25 = 0, 4*s = -2*q + 30. What is the highest common divisor of s and 125?
5
Let w(c) = 2*c**2. Let f be w(-1). Suppose 1803 = 17*i + 11068. Let j = 549 + i. Calculate the highest common divisor of j and f.
2
Let l be (-6)/24 - 10887/(-24)*2. Suppose -4*t - 235 + l = 0. What is the highest common divisor of t and 24?
24
Let n(v) = -34 + 87 - v**2 + 0*v**2 - 27*v + 82. Let i be n(-31). Calculate the greatest common factor of i and 22.
11
Let j = 5291 - 4961. What is the greatest common factor of 270 and j?
30
Let y(a) = -14*a - 1. Let i be y(-4). Suppose -4*x + 97405 = 37*x + 212*x. What is the greatest common divisor of i and x?
55
Let r = 200 + -134. Suppose 36 = 2*c - 4*j, 7*c - 2*j = 3*c + r. Suppose -14 - 34 = -3*z. What is the greatest common factor of c and z?
16
Let u = -15219 + 15504. Calculate the greatest common factor of 1083 and u.
57
Let l = 2658 + -2580. Calculate the greatest common divisor of l and 637.
13
Let y = -1876 + 1928. What is the highest common divisor of 144 and y?
4
Let s = -61 - -76. Let k be s/(-35) - (-2)/((-14)/(-45)). Suppose 248 = 5*b - 4*z, -3*b = -k*z + 2*z - 144. What is the greatest common factor of b and 13?
13
Let a = -6722 - -6972. Let f = -10 - -15. Suppose w = o + 45, -f*o = -0*w - 3*w + 125. What is the greatest common divisor of a and w?
50
Let v = 706 - 519. Let f be 2/22 + (-1800)/(-165). Calculate the greatest common factor of v and f.
11
Let t(x) = x**3 - 18*x**2 + 7*x + 30. Let h be t(19). Calculate the highest common factor of h and 1441.
131
Let v = 11496 - 3585. Calculate the greatest common divisor of v and 36.
9
Let s = 321 + -317. Suppose 4*g - 1 = 3*g. Suppose s + g = 5*t, 452 = 5*r - 3*t. Calculate the greatest common divisor of 13 and r.
13
Suppose 0 = 3*q + 27 - 99. Let a be 8*10/q + 2/3. Suppose -87 = -5*u - g - 0*g, -a*g = u - 25. What is the greatest common factor of u and 85?
17
Suppose 3*k + 4*c - 204 = -0*c, -4*c = k - 76. Let s = -21 + 29. Calculate the greatest common divisor of k and s.
8
Suppose -3*o - 12 = 0, -5*q + 4*o + 160 = 9*o. Let b be -2 + 4 - -2 - (-256 + q). What is the highest common divisor of b and 14?
14
Suppose -3*i - 3*y = 30, -2*y - 34 - 6 = 4*i. Let n(w) = 11*w + 123. Let u be n(i). What is the greatest common factor of 793 and u?
13
Let t(r) = -9 + 4 + 126*r + 1. Let i be t(-1). Let b be -2 - (4/10)/(2/i). What is the greatest common divisor of b and 108?
12
Suppose 0 = -o + 2*l + 1487, -3*o = 2*l - 1120 - 3309. Calculate the highest common divisor of o and 51.
51
Suppose 3*i + 3*d = 770 + 829, 3*d = 5*i - 2681. Calculate the highest common divisor of 428 and i.
107
Suppose -4*t - 85 = -c - 0*t, -4*c = 2*t - 430. Suppose 46*p - 41*p = -w + 349, 4*p - 275 = -5*w. Calculate the highest common factor of c and p.
35
Suppose 7*t - 2*t = 4*r - 20, -r + 6 = -t. Suppose -r = -5*p, -1314 = -0*k - 3*k + 3*p. Calculate the highest common factor of k and 55.
55
Let o(t) = -t**2 + 9*t + 1659. Suppose 3*s + 8 = -3*k - 1, 2*s - 4*k = 12. Let r be o(s). Calculate the greatest common divisor of 21 and r.
21
Let u(s) = -23*s - 629. Let h be u(-30). What is the highest common factor of h and 4?
1
Let r(y) = 11*y**3 - y**2 - y. Let m be r(-2). Suppose -555 = 23*v + 137*v - 1675. Let n be -5*m/175 + (-4)/v. What is the highest common divisor of n and 18?
2
Suppose -4*y + 3*o + 786 = 0, -492 - 506 = -5*y - 4*o. Calculate the highest common divisor of 63 and y.
9
Let i be (-86)/(-22) - 3/(-33). Suppose -i*c = -3*u + 356, -13*c = -8*c + 25. What is the greatest common factor of 14 and u?
14
Let m(a) = 4*a + 6. Let r = 6 + -15. Let q = 2 - r. Let s be m(q). What is the highest common divisor of 10 and s?
10
Suppose 110*a - 4298 - 1046 = -57*a. What is the highest common factor of a and 432?
16
Let t(p) = -p**3 - 18*p**2 + 42*p + 50. Let l be t(-20). Suppose 4*r - 3*r = -130. Let u = r + 190. What is the greatest common factor of l and u?
10
Let m(n) = n**3 + n**2 - n + 6. Let o be m(0). Suppose -87*t = -24137 + 22310. Calculate the greatest common factor of o and t.
3
Let n = 3 + 0. Suppose 5*p + 3*d = 21, p - n*d - 33 = -3*p. What is the greatest common divisor of p and 39?
3
Let x = 310 + -535. Let c be (-315)/x + (-276)/(-10). What is the highest common factor of c and 899?
29
Let n = -210 + 561. Suppose 93*v + 322*v - 6591 = -92*v. Calculate the highest common factor of n and v.
13
Suppose -10920 = 205*f - 244*f. Calculate the greatest common divisor of f and 14.
14
Let i = 2782 - 2749. Suppose -3*g = -5*h + 61, -g - 49 = -5*h - 4*g. Calculate the greatest common divisor of i and h.
11
Let v be -73*(2/1 - 1). Let y = v + 71. Let n(d) = 6*d**2 + 2. Let c be n(y). Calculate the highest common factor of c and 234.
26
Let b(h) = -h**3 + 9*h**2 - 208*h + 1754. Let w be b(8). What is the greatest common divisor of w and 672?
14
Suppose 0 = -365*o + 1899 + 6492 + 369. Calculate the greatest common factor of 6348 and o.
12
Suppose 2*h = -3*r + 2*r - 20, -24 = r - 2*h. Let b be 1/(-2) + (r/4 - -2). Let l be b/(-4)*(-2 + 3). Calculate the greatest common factor of l and 10.
1
Suppose -3*n + n = -40. Suppose 0 = 42*b - 82*b + 34*b. Suppose 104 = 4*x - t - 3*t, b = 4*x + t - 124. What is the greatest common factor of n and x?
10
Let u = -1259 + 2087. Calculate the highest common divisor of 92 and u.
92
Suppose 37755*i = 37777*i - 704. What is the greatest common factor of i and 10768?
16
Let a be 4/18 + (-32)/(-18). Let g(f) = 3*f**2 - 27*f + 50. Let w be g(7). Let m be 6 + -2 - 1/(4/w). What is the highest common divisor of a and m?
2
Let o(g) = 21*g + 7. Let j be o(3). Suppose 2*m = -5*d + 62, 4*d - j = -4*m - 18. Let x = -515 + 539. What is the highest common factor of d and x?
12
Let p(n) = -28*n + 461. Let w be p(-29). What is the greatest common divisor of w and 67?
67
Let n = 686 - 1008. Let v = -283 - n. What is the greatest common factor of 13 and v?
13
Suppose -j - 20 = 4*j, 5*j - 7216 = -3*w. What is the greatest common divisor of 132 and w?
12
Let g(d) = d**3 + 2*d**2 + d - 11. Let l be g(8). Suppose -203 = -3*x - 8*n, 0 = 37*x - 38*x - 2*n + 63. Calculate the highest common divisor of l and x.
49
Let g be (-4)/(1 - -11)*18/(-6). Suppose -2*p + g = -6*p - 3*a, 2*p - a - 7 = 0. What is the highest common factor of p and 10?
2
Let c = 18689 + -18669. Let r = -47 - -82. Calculate the greatest common factor of r and c.
5
Let j be 75 - -6*((-35)/10)/(-7). Suppose -12*a + j = 14*a. Calculate the greatest common divisor of 3 and a.
3
Suppose -10*b + 8*b + 71 = 3*q, -3*b + 2 = -q. Suppose 3*r + 0*r = 1